{"id":708,"date":"2020-05-04T09:07:07","date_gmt":"2020-05-04T09:07:07","guid":{"rendered":"https:\/\/www.euroxr-association.org\/conference2021\/?page_id=708"},"modified":"2023-09-18T21:21:10","modified_gmt":"2023-09-18T21:21:10","slug":"international-program-committee","status":"publish","type":"page","link":"https:\/\/www.euroxr-association.org\/conference2023\/international-program-committee\/","title":{"rendered":"International Program Committee"},"content":{"rendered":"\t\t<div data-elementor-type=\"wp-page\" data-elementor-id=\"708\" class=\"elementor elementor-708\">\n\t\t\t\t\t\t<section class=\"elementor-section elementor-top-section elementor-element elementor-element-cf43c5 elementor-section-stretched elementor-section-full_width elementor-section-height-default elementor-section-height-default\" data-id=\"cf43c5\" data-element_type=\"section\" data-e-type=\"section\" data-settings=\"{&quot;stretch_section&quot;:&quot;section-stretched&quot;}\">\n\t\t\t\t\t\t<div class=\"elementor-container elementor-column-gap-default\">\n\t\t\t\t\t<div class=\"elementor-column elementor-col-100 elementor-top-column elementor-element elementor-element-26499d49\" data-id=\"26499d49\" data-element_type=\"column\" data-e-type=\"column\">\n\t\t\t<div class=\"elementor-widget-wrap elementor-element-populated\">\n\t\t\t\t\t\t<div class=\"elementor-element elementor-element-5c77d0fc elementor-widget elementor-widget-heading\" data-id=\"5c77d0fc\" data-element_type=\"widget\" data-e-type=\"widget\" data-widget_type=\"heading.default\">\n\t\t\t\t<div class=\"elementor-widget-container\">\n\t\t\t\t\t<h2 class=\"elementor-heading-title elementor-size-default\">International Program Committee<\/h2>\t\t\t\t<\/div>\n\t\t\t\t<\/div>\n\t\t\t\t\t<\/div>\n\t\t<\/div>\n\t\t\t\t\t<\/div>\n\t\t<\/section>\n\t\t\t\t<section class=\"elementor-section elementor-top-section elementor-element elementor-element-7a8ac6b elementor-section-boxed elementor-section-height-default elementor-section-height-default\" data-id=\"7a8ac6b\" data-element_type=\"section\" data-e-type=\"section\">\n\t\t\t\t\t\t<div class=\"elementor-container elementor-column-gap-default\">\n\t\t\t\t\t<div class=\"elementor-column elementor-col-100 elementor-top-column elementor-element elementor-element-d033116\" data-id=\"d033116\" data-element_type=\"column\" data-e-type=\"column\">\n\t\t\t<div class=\"elementor-widget-wrap elementor-element-populated\">\n\t\t\t\t\t\t<div class=\"elementor-element elementor-element-e1afb9d elementor-widget elementor-widget-spacer\" data-id=\"e1afb9d\" data-element_type=\"widget\" data-e-type=\"widget\" data-widget_type=\"spacer.default\">\n\t\t\t\t<div class=\"elementor-widget-container\">\n\t\t\t\t\t\t\t<div class=\"elementor-spacer\">\n\t\t\t<div class=\"elementor-spacer-inner\"><\/div>\n\t\t<\/div>\n\t\t\t\t\t\t<\/div>\n\t\t\t\t<\/div>\n\t\t\t\t\t<\/div>\n\t\t<\/div>\n\t\t\t\t\t<\/div>\n\t\t<\/section>\n\t\t\t\t<section class=\"elementor-section elementor-top-section elementor-element elementor-element-c22b9f4 no-p-space elementor-section-boxed elementor-section-height-default elementor-section-height-default\" data-id=\"c22b9f4\" data-element_type=\"section\" data-e-type=\"section\">\n\t\t\t\t\t\t<div class=\"elementor-container elementor-column-gap-default\">\n\t\t\t\t\t<div class=\"elementor-column elementor-col-50 elementor-top-column elementor-element elementor-element-95b1f79\" data-id=\"95b1f79\" data-element_type=\"column\" data-e-type=\"column\">\n\t\t\t<div class=\"elementor-widget-wrap elementor-element-populated\">\n\t\t\t\t\t\t<div class=\"elementor-element elementor-element-10cb6c8 elementor-widget elementor-widget-text-editor\" data-id=\"10cb6c8\" data-element_type=\"widget\" data-e-type=\"widget\" data-widget_type=\"text-editor.default\">\n\t\t\t\t<div class=\"elementor-widget-container\">\n\t\t\t\t\t\t\t\t\t<p><strong>Alca\u00f1iz, Mariano<\/strong> (Universidad Polit\u00e9cnica Valencia-LabLENI, Spain )<\/p><p><strong>Amano, Toshiyuki<\/strong> (Wakayama University, Japan )<\/p><p><strong>Arlati, Sara<\/strong> (Consiglio Nazionale delle Ricerche, Italy )<\/p><p><strong>Bimberg, Pauline<\/strong> (Universit\u00e4t Trier, Germany )<\/p><p><strong>Blat, Josep<\/strong> (Universitat Pompeu Fabra Barcelona, Spain )<\/p><p><strong>B\u00f6nsch, Andrea<\/strong> (RWTH Aachen University, Germany )<\/p><p><strong>Boulanger, Pierre<\/strong> (University of Alberta, Canada )<\/p><p><strong>Capobianco, Antonio<\/strong> (Universit\u00e9 de Strasbourg, France )<\/p><p><strong>Castet, Julien<\/strong> (Immersion, France )<\/p><p><strong>Chen, Weiya<\/strong> (Huazhong University of Sciences and Technology, China )<\/p><p><strong>Cumo, Fabrizio<\/strong> ( , Italy )<\/p><p><strong>De Antonio, Angelica<\/strong> (Universidad Politecnica de Madrid, Spain )<\/p><p><strong>Duval, Thierry<\/strong> (IMT Atlantique, France )<\/p><p><strong>Farella, Mariella<\/strong> (National Research Council of Italy, Italy )<\/p><p><strong>Floty\u0144ski, Jakub<\/strong> (Pozna\u0144 Univ.\\ of Economics and Business, Poland )<\/p><p><strong>Fuhrmann, Arnulph<\/strong> (TH K\u00f6ln, Germany )<\/p><p><strong>Galvez, Akemi<\/strong> (Universidad de Cantabria, Spain )<\/p><p><strong>Gattullo, Michele<\/strong> (Polytechnic University of Bari, Italy )<\/p><p><strong>Gonzalez, Pascual<\/strong> (Universidad Castilla La Mancha, Spain )<\/p><p><strong>Gorbunov, Andrey<\/strong> (Aviareal, Russia )<\/p><p><strong>G\u00f3rski, Filip<\/strong> (Pozna\u0144 University of Technology, Poland )<\/p><p><strong>H\u00e4fner, Polina<\/strong> (KIT Karlsruhe, Germany )<\/p><p><strong>Helin, Kaj<\/strong> (VTT, Finland )<\/p><p><strong>Hoek, Krista<\/strong> (LUMC, Netherlands )<\/p><p><strong>Hughes, Chris<\/strong> (Salford University, UK )<\/p><p><strong>Iglesias, Andres<\/strong> (Universidad de Cantabria, Spain )<\/p><p><strong>Interrante, Victoria<\/strong> (University of Minnesota, USA )<\/p><p><strong>Iwai, Daisuke<\/strong> (University of Osaka, Japan )<\/p><p><strong>Jung, Yvonne<\/strong> (Hochschule Darmstadt, Germany )<\/p><p><strong>Kadlubsky, Alina<\/strong> (Open AR Cloud Association, USA )<\/p><p><strong>Karaseitanidis, Ioannis<\/strong> (ICCS, Greece )<\/p><p><strong>Katika, Tina<\/strong> (Institute of Communication and Computer Systems , Greece )<\/p>\t\t\t\t\t\t\t\t<\/div>\n\t\t\t\t<\/div>\n\t\t\t\t\t<\/div>\n\t\t<\/div>\n\t\t\t\t<div class=\"elementor-column elementor-col-50 elementor-top-column elementor-element elementor-element-3c741d7\" data-id=\"3c741d7\" data-element_type=\"column\" data-e-type=\"column\">\n\t\t\t<div class=\"elementor-widget-wrap elementor-element-populated\">\n\t\t\t\t\t\t<div class=\"elementor-element elementor-element-1ebda46 elementor-widget elementor-widget-text-editor\" data-id=\"1ebda46\" data-element_type=\"widget\" data-e-type=\"widget\" data-widget_type=\"text-editor.default\">\n\t\t\t\t<div class=\"elementor-widget-container\">\n\t\t\t\t\t\t\t\t\t<p><strong>Kato, Hirokazu<\/strong> (Nara Institute of Science and Technology, Japan )<\/p><p><strong>Kloos, Uwe<\/strong> (Reutlingen University of Applied Sciences, Germany )<\/p><p><strong>Kuhlen, Torsten<\/strong> (RWTH Aachen University, Germany )<\/p><p><strong>Kuts, Vladimir<\/strong> (Tallinn University of Technology, Estonia )<\/p><p><strong>Ladeveze, Nicolas<\/strong> (LISN &#8211; CNRS, FRANCE )<\/p><p><strong>Lamberti, Fabrizio<\/strong> (Politecnico di Milano, Italy )<\/p><p><strong>Lavoue, Guillaume<\/strong> (ENISE, Ecole Centrale de Lyon, France )<\/p><p><strong>Leoncini, Paolo<\/strong> (Centro Italiano Ricerche Aerospaziali, Italy )<\/p><p><strong>Llorens, Roberto<\/strong> (Universidad Polit\u00e9cnica Valencia-LabLENI, Spain )<\/p><p><strong>Lorenz, Mario<\/strong> (TU Chemnitz, Germany )<\/p><p><strong>Makino, Mitsunori<\/strong> (Chuo University, Japan )<\/p><p><strong>Mayer, Anjela<\/strong> (Karlsruhe Institute of Technology, Deutschland )<\/p><p><strong>Mestre, Daniel<\/strong> (Aix-Marseille University \/ CNRS, France )<\/p><p><strong>Molina Mass\u00f3, Jos\u00e9 Pascual<\/strong> (Universidad Castilla La Mancha, Spain )<\/p><p><strong>Niamut, Omar <\/strong>(TNO, Netherlands )<\/p><p><strong>Nickel, Peter<\/strong> (Deutsche Gesetzliche Unfallversicherung, Germany )<\/p><p><strong>No\u00ebl, Fr\u00e9d\u00e9ric<\/strong> (Grenoble Institute of Technology, France )<\/p><p><strong>Perret, Jerome<\/strong> (Haption, Germany )<\/p><p><strong>Poyade, Matthieu<\/strong> (Glasgow School of Art, UK )<\/p><p><strong>Reiners, Dirk<\/strong> (University of Central Florida, USA )<\/p><p><strong>Reyes-Lecuona, Arcadio<\/strong> (Universidad de M\u00e1laga, Espa\u00f1a )<\/p><p><strong>Ritchie, James<\/strong> (Heriot-Watt University, UK )<\/p><p><strong>Sch\u00e4fer, Wolfgang<\/strong> (ZHAW School of Management and Law, Switzerland )<\/p><p><strong>Si-Mohammed, Hakim<\/strong> (University of Lille, France )<\/p><p><strong>Soccini, Agata Marta<\/strong> (University of Torino, Italy )<\/p><p><strong>Sommaruga, Lorenzo<\/strong> (University of Applied Sciences and Arts of Southern Switzerland (SUPSI), Switzerland )<\/p><p><strong>Staadt, Oliver<\/strong> (Universit\u00e4t Rostock, Germany )<\/p><p><strong>Tan, Toni<\/strong> (University of Bremen, Germany )<\/p><p><strong>Vasser, Madis<\/strong> (University of Tartu, Estonia )<\/p><p><strong>Xu, Yi<\/strong> (Oppo, China )<\/p><p><strong>Zachmann, Gabriel<\/strong> (University of Bremen, Germany )<\/p>\t\t\t\t\t\t\t\t<\/div>\n\t\t\t\t<\/div>\n\t\t\t\t\t<\/div>\n\t\t<\/div>\n\t\t\t\t\t<\/div>\n\t\t<\/section>\n\t\t\t\t<section class=\"elementor-section elementor-top-section elementor-element elementor-element-addba05 elementor-section-boxed elementor-section-height-default elementor-section-height-default\" data-id=\"addba05\" data-element_type=\"section\" data-e-type=\"section\">\n\t\t\t\t\t\t<div class=\"elementor-container elementor-column-gap-default\">\n\t\t\t\t\t<div class=\"elementor-column elementor-col-100 elementor-top-column elementor-element elementor-element-a227eab\" data-id=\"a227eab\" data-element_type=\"column\" data-e-type=\"column\">\n\t\t\t<div class=\"elementor-widget-wrap elementor-element-populated\">\n\t\t\t\t\t\t<div class=\"elementor-element elementor-element-4fba488 elementor-widget elementor-widget-spacer\" data-id=\"4fba488\" data-element_type=\"widget\" data-e-type=\"widget\" data-widget_type=\"spacer.default\">\n\t\t\t\t<div class=\"elementor-widget-container\">\n\t\t\t\t\t\t\t<div class=\"elementor-spacer\">\n\t\t\t<div class=\"elementor-spacer-inner\"><\/div>\n\t\t<\/div>\n\t\t\t\t\t\t<\/div>\n\t\t\t\t<\/div>\n\t\t\t\t\t<\/div>\n\t\t<\/div>\n\t\t\t\t\t<\/div>\n\t\t<\/section>\n\t\t\t\t<\/div>\n\t\t","protected":false},"excerpt":{"rendered":"<p>International Program Committee Alca\u00f1iz, Mariano (Universidad Polit\u00e9cnica Valencia-LabLENI, Spain ) Amano, Toshiyuki (Wakayama University, Japan ) Arlati, Sara (Consiglio Nazionale delle Ricerche, Italy ) Bimberg, Pauline (Universit\u00e4t Trier, Germany ) Blat, Josep (Universitat Pompeu Fabra Barcelona, Spain ) B\u00f6nsch, Andrea (RWTH Aachen University, Germany ) Boulanger, Pierre (University of Alberta, Canada ) Capobianco, Antonio (Universit\u00e9 [&hellip;]<\/p>\n","protected":false},"author":9,"featured_media":0,"parent":0,"menu_order":0,"comment_status":"closed","ping_status":"closed","template":"","meta":{"om_disable_all_campaigns":false,"_monsterinsights_skip_tracking":false,"_monsterinsights_sitenote_active":false,"_monsterinsights_sitenote_note":"","_monsterinsights_sitenote_category":0,"footnotes":""},"class_list":["post-708","page","type-page","status-publish","hentry"],"aioseo_notices":[],"_links":{"self":[{"href":"https:\/\/www.euroxr-association.org\/conference2023\/wp-json\/wp\/v2\/pages\/708","targetHints":{"allow":["GET"]}}],"collection":[{"href":"https:\/\/www.euroxr-association.org\/conference2023\/wp-json\/wp\/v2\/pages"}],"about":[{"href":"https:\/\/www.euroxr-association.org\/conference2023\/wp-json\/wp\/v2\/types\/page"}],"author":[{"embeddable":true,"href":"https:\/\/www.euroxr-association.org\/conference2023\/wp-json\/wp\/v2\/users\/9"}],"replies":[{"embeddable":true,"href":"https:\/\/www.euroxr-association.org\/conference2023\/wp-json\/wp\/v2\/comments?post=708"}],"version-history":[{"count":130,"href":"https:\/\/www.euroxr-association.org\/conference2023\/wp-json\/wp\/v2\/pages\/708\/revisions"}],"predecessor-version":[{"id":4170,"href":"https:\/\/www.euroxr-association.org\/conference2023\/wp-json\/wp\/v2\/pages\/708\/revisions\/4170"}],"wp:attachment":[{"href":"https:\/\/www.euroxr-association.org\/conference2023\/wp-json\/wp\/v2\/media?parent=708"}],"curies":[{"name":"wp","href":"https:\/\/api.w.org\/{rel}","templated":true}]}}