{"id":3450,"date":"2023-02-08T07:36:25","date_gmt":"2023-02-08T07:36:25","guid":{"rendered":"https:\/\/www.euroxr-association.org\/conference2023\/?page_id=3450"},"modified":"2023-11-28T17:33:15","modified_gmt":"2023-11-28T17:33:15","slug":"program-overview","status":"publish","type":"page","link":"https:\/\/www.euroxr-association.org\/conference2023\/program-overview\/","title":{"rendered":"Program overview"},"content":{"rendered":"\t\t<div data-elementor-type=\"wp-page\" data-elementor-id=\"3450\" class=\"elementor elementor-3450\">\n\t\t\t\t\t\t<section class=\"elementor-section elementor-top-section elementor-element elementor-element-1a15aea5 elementor-section-stretched elementor-section-full_width elementor-section-height-default elementor-section-height-default\" data-id=\"1a15aea5\" data-element_type=\"section\" data-e-type=\"section\" data-settings=\"{&quot;stretch_section&quot;:&quot;section-stretched&quot;}\">\n\t\t\t\t\t\t<div class=\"elementor-container elementor-column-gap-default\">\n\t\t\t\t\t<div class=\"elementor-column elementor-col-100 elementor-top-column elementor-element elementor-element-13743863\" data-id=\"13743863\" data-element_type=\"column\" data-e-type=\"column\">\n\t\t\t<div class=\"elementor-widget-wrap elementor-element-populated\">\n\t\t\t\t\t\t<div class=\"elementor-element elementor-element-1def6ae3 elementor-widget elementor-widget-heading\" data-id=\"1def6ae3\" data-element_type=\"widget\" data-e-type=\"widget\" data-widget_type=\"heading.default\">\n\t\t\t\t<div class=\"elementor-widget-container\">\n\t\t\t\t\t<h2 class=\"elementor-heading-title elementor-size-default\">Program Overview<\/h2>\t\t\t\t<\/div>\n\t\t\t\t<\/div>\n\t\t\t\t\t<\/div>\n\t\t<\/div>\n\t\t\t\t\t<\/div>\n\t\t<\/section>\n\t\t\t\t<section class=\"elementor-section elementor-top-section elementor-element elementor-element-fe983d6 elementor-section-boxed elementor-section-height-default elementor-section-height-default\" data-id=\"fe983d6\" data-element_type=\"section\" data-e-type=\"section\">\n\t\t\t\t\t\t<div class=\"elementor-container elementor-column-gap-default\">\n\t\t\t\t\t<div class=\"elementor-column elementor-col-100 elementor-top-column elementor-element elementor-element-311604a\" data-id=\"311604a\" data-element_type=\"column\" data-e-type=\"column\">\n\t\t\t<div class=\"elementor-widget-wrap elementor-element-populated\">\n\t\t\t\t\t\t<div class=\"elementor-element elementor-element-a2c84ea elementor-widget elementor-widget-spacer\" data-id=\"a2c84ea\" data-element_type=\"widget\" data-e-type=\"widget\" data-widget_type=\"spacer.default\">\n\t\t\t\t<div class=\"elementor-widget-container\">\n\t\t\t\t\t\t\t<div class=\"elementor-spacer\">\n\t\t\t<div class=\"elementor-spacer-inner\"><\/div>\n\t\t<\/div>\n\t\t\t\t\t\t<\/div>\n\t\t\t\t<\/div>\n\t\t\t\t<div class=\"elementor-element elementor-element-50043db elementor-widget elementor-widget-text-editor\" data-id=\"50043db\" data-element_type=\"widget\" data-e-type=\"widget\" data-widget_type=\"text-editor.default\">\n\t\t\t\t<div class=\"elementor-widget-container\">\n\t\t\t\t\t\t\t\t\t<p><strong><u>TIME<\/u><\/strong>: Regarding the times shown in the conference program, please note that all the times refer to local time in the Netherlands (UTC +1)<\/p>\t\t\t\t\t\t\t\t<\/div>\n\t\t\t\t<\/div>\n\t\t\t\t\t<\/div>\n\t\t<\/div>\n\t\t\t\t\t<\/div>\n\t\t<\/section>\n\t\t\t\t<section class=\"elementor-section elementor-top-section elementor-element elementor-element-68558bd elementor-section-boxed elementor-section-height-default elementor-section-height-default\" data-id=\"68558bd\" data-element_type=\"section\" data-e-type=\"section\">\n\t\t\t\t\t\t<div class=\"elementor-container elementor-column-gap-default\">\n\t\t\t\t\t<div class=\"elementor-column elementor-col-100 elementor-top-column elementor-element elementor-element-1b0dfbc\" data-id=\"1b0dfbc\" data-element_type=\"column\" data-e-type=\"column\">\n\t\t\t<div class=\"elementor-widget-wrap elementor-element-populated\">\n\t\t\t\t\t\t<div class=\"elementor-element elementor-element-3048733 elementor-widget elementor-widget-text-editor\" data-id=\"3048733\" data-element_type=\"widget\" data-e-type=\"widget\" data-widget_type=\"text-editor.default\">\n\t\t\t\t<div class=\"elementor-widget-container\">\n\t\t\t\t\t\t\t\t\t<h6>DAY 1. Wednesday, November 29\u00a0<\/h6>\t\t\t\t\t\t\t\t<\/div>\n\t\t\t\t<\/div>\n\t\t\t\t\t<\/div>\n\t\t<\/div>\n\t\t\t\t\t<\/div>\n\t\t<\/section>\n\t\t\t\t<section class=\"elementor-section elementor-top-section elementor-element elementor-element-18892c2 elementor-section-boxed elementor-section-height-default elementor-section-height-default\" data-id=\"18892c2\" data-element_type=\"section\" data-e-type=\"section\">\n\t\t\t\t\t\t<div class=\"elementor-container elementor-column-gap-default\">\n\t\t\t\t\t<div class=\"elementor-column elementor-col-100 elementor-top-column elementor-element elementor-element-4b0a14b\" data-id=\"4b0a14b\" data-element_type=\"column\" data-e-type=\"column\">\n\t\t\t<div class=\"elementor-widget-wrap elementor-element-populated\">\n\t\t\t\t\t\t<div class=\"elementor-element elementor-element-57ace07 elementor-widget elementor-widget-text-editor\" data-id=\"57ace07\" data-element_type=\"widget\" data-e-type=\"widget\" data-widget_type=\"text-editor.default\">\n\t\t\t\t<div class=\"elementor-widget-container\">\n\t\t\t\t\t\t\t\t\t<style type=\"text\/css\">\n.tg  {border-collapse:collapse;border-spacing:0;}\n.tg td{border-color:black;border-style:solid;border-width:1px;font-family:Arial, sans-serif;font-size:14px;\n  overflow:hidden;padding:10px 5px;word-break:normal;}\n.tg th{border-color:black;border-style:solid;border-width:1px;font-family:Arial, sans-serif;font-size:14px;\n  font-weight:normal;overflow:hidden;padding:10px 5px;word-break:normal;}\n.tg .tg-idh0{background-color:#FFF;border-color:#c0c0c0;color:#7A7A7A;text-align:center;vertical-align:top}\n.tg .tg-14nt{background-color:#efefef;border-color:#c0c0c0;color:#7A7A7A;text-align:center;vertical-align:top}\n.tg .tg-vjp4{background-color:#133d73;border-color:#c0c0c0;color:#ffffff;font-weight:bold;text-align:center;vertical-align:top}\n.tg .tg-2hkh{background-color:#FFF;border-color:#c0c0c0;color:#7A7A7A;font-weight:bold;text-align:left;vertical-align:top}\n.tg .tg-7c0o{background-color:#EFEFEF;border-color:#c0c0c0;color:#7A7A7A;font-weight:bold;text-align:left;vertical-align:top}\n.tg .tg-n6g8{background-color:#efefef;border-color:#c0c0c0;color:#7A7A7A;font-weight:bold;text-align:left;vertical-align:top}\n.tg .tg-qvue{background-color:#efefef;border-color:#c0c0c0;color:#7A7A7A;font-weight:bold;text-align:center;vertical-align:top}\n@media screen and (max-width: 767px) {.tg {width: auto !important;}.tg col {width: auto !important;}.tg-wrap {overflow-x: auto;-webkit-overflow-scrolling: touch;}}<\/style>\n<div class=\"tg-wrap\"><table class=\"tg\" style=\"undefined;table-layout: fixed; width: 1004px\">\n<colgroup>\n<col style=\"width: 101.2px\">\n<col style=\"width: 451.2px\">\n<col style=\"width: 451.2px\">\n<\/colgroup>\n<thead>\n  <tr>\n    <th class=\"tg-vjp4\">Time<\/th>\n    <th class=\"tg-vjp4\"><span style=\"font-weight:bold\">Van Cappellen Zaal \u2013 Floor Ground<\/span><\/th>\n    <th class=\"tg-vjp4\"><span style=\"font-weight:bold\">Van Der Vorm Zaal \u2013 Floor 4th<\/span><\/th>\n  <\/tr>\n<\/thead>\n<tbody>\n  <tr>\n    <td class=\"tg-7c0o\"><span style=\"font-weight:bold\">9:00 \u2013 12:30<\/span><\/td>\n    <td class=\"tg-14nt\" colspan=\"2\"><a href=\"https:\/\/www.euroxr-association.org\/conference2023\/wp-content\/uploads\/2023\/11\/EuroXR-2023-Detailed-Program-of-XR-Lab-Visits-at-Delft-University-v2.pdf\" target=\"_blank\" rel=\"noopener noreferrer\">XR lab visit at the Delft University of Technology<\/a> <br>Chairs: Dr. Laura Marchal-Crespo, Arno Freeke, Pr. Fr\u00e9d\u00e9ric Noel<\/td>\n  <\/tr>\n  <tr>\n    <td class=\"tg-7c0o\"><span style=\"font-weight:bold\">12:30 \u2013 13:30<\/span><\/td>\n    <td class=\"tg-n6g8\" colspan=\"2\"><\/td>\n  <\/tr>\n  <tr>\n    <td class=\"tg-7c0o\"><span style=\"font-weight:bold\">13:30 \u2013 15:00<\/span><\/td>\n    <td class=\"tg-qvue\" colspan=\"2\">Reception desk opens (TBC)<\/td>\n  <\/tr>\n  <tr>\n    <td class=\"tg-7c0o\"><span style=\"font-style:normal\">16:00 &#8211; 16:30<\/span><\/td>\n    <td class=\"tg-idh0\"><span style=\"font-weight:bold\">Opening session<\/span> <br>Chairs: Prof. Greg Welch, Dr. Patrick Bourdot, Benjamin de Witt<\/td>\n    <td class=\"tg-2hkh\"><\/td>\n  <\/tr>\n  <tr>\n    <td class=\"tg-7c0o\"><span style=\"font-weight:bold;font-style:normal\">16:30 &#8211; 17:30<\/span><\/td>\n    <td class=\"tg-idh0\"><span style=\"font-weight:bold;font-style:normal\">Invited Keynote Speaker<\/span><br><span style=\"font-style:normal\">Dr.<\/span> <span style=\"font-weight:bold;font-style:normal\">Ferran Argelaguet<\/span> <span style=\"font-style:normal\">(Hybrid team, IRISA\/Inria, Rennes, France)<\/span><br><span style=\"font-style:normal\">Chair: Prof. Greg Welch<\/span><\/td>\n    <td class=\"tg-2hkh\"><\/td>\n  <\/tr>\n  <tr>\n    <td class=\"tg-7c0o\"><span style=\"font-weight:bold;font-style:normal\">17:30 &#8211; 18:00<\/span><\/td>\n    <td class=\"tg-idh0\"><span style=\"font-weight:bold\">Posters\/Demos fast-forward<\/span> <br>Chair: Dr. Wolfgang Sch\u00e4fer<\/td>\n    <td class=\"tg-2hkh\"><\/td>\n  <\/tr>\n  <tr>\n    <td class=\"tg-7c0o\"><span style=\"font-weight:bold\">18:00 \u2013 19:00<\/span><\/td>\n    <td class=\"tg-2hkh\"><\/td>\n    <td class=\"tg-idh0\"><span style=\"font-weight:bold\">EuroXR Advisory Board meeting<\/span> <br>Chairs: Dr. Patrick Bourdot, Dr. J\u00e9r\u00f4me Perret<\/td>\n  <\/tr>\n<\/tbody>\n<\/table><\/div>\t\t\t\t\t\t\t\t<\/div>\n\t\t\t\t<\/div>\n\t\t\t\t\t<\/div>\n\t\t<\/div>\n\t\t\t\t\t<\/div>\n\t\t<\/section>\n\t\t\t\t<section class=\"elementor-section elementor-top-section elementor-element elementor-element-5aaa137 elementor-section-boxed elementor-section-height-default elementor-section-height-default\" data-id=\"5aaa137\" data-element_type=\"section\" data-e-type=\"section\">\n\t\t\t\t\t\t<div class=\"elementor-container elementor-column-gap-default\">\n\t\t\t\t\t<div class=\"elementor-column elementor-col-100 elementor-top-column elementor-element elementor-element-6f8609d\" data-id=\"6f8609d\" data-element_type=\"column\" data-e-type=\"column\">\n\t\t\t<div class=\"elementor-widget-wrap elementor-element-populated\">\n\t\t\t\t\t\t<div class=\"elementor-element elementor-element-eee4883 elementor-widget elementor-widget-text-editor\" data-id=\"eee4883\" data-element_type=\"widget\" data-e-type=\"widget\" data-widget_type=\"text-editor.default\">\n\t\t\t\t<div class=\"elementor-widget-container\">\n\t\t\t\t\t\t\t\t\t<h6>DAY 2. Thursday, November 30<\/h6>\t\t\t\t\t\t\t\t<\/div>\n\t\t\t\t<\/div>\n\t\t\t\t\t<\/div>\n\t\t<\/div>\n\t\t\t\t\t<\/div>\n\t\t<\/section>\n\t\t\t\t<section class=\"elementor-section elementor-top-section elementor-element elementor-element-91ac419 elementor-section-boxed elementor-section-height-default elementor-section-height-default\" data-id=\"91ac419\" data-element_type=\"section\" data-e-type=\"section\">\n\t\t\t\t\t\t<div class=\"elementor-container elementor-column-gap-default\">\n\t\t\t\t\t<div class=\"elementor-column elementor-col-100 elementor-top-column elementor-element elementor-element-0b8c5b4\" data-id=\"0b8c5b4\" data-element_type=\"column\" data-e-type=\"column\">\n\t\t\t<div class=\"elementor-widget-wrap elementor-element-populated\">\n\t\t\t\t\t\t<div class=\"elementor-element elementor-element-dcbb981 elementor-widget elementor-widget-text-editor\" data-id=\"dcbb981\" data-element_type=\"widget\" data-e-type=\"widget\" data-widget_type=\"text-editor.default\">\n\t\t\t\t<div class=\"elementor-widget-container\">\n\t\t\t\t\t\t\t\t\t<style type=\"text\/css\">\n.tg  {border-collapse:collapse;border-spacing:0;}\n.tg td{border-color:black;border-style:solid;border-width:1px;font-family:Arial, sans-serif;font-size:14px;\n  overflow:hidden;padding:10px 5px;word-break:normal;}\n.tg th{border-color:black;border-style:solid;border-width:1px;font-family:Arial, sans-serif;font-size:14px;\n  font-weight:normal;overflow:hidden;padding:10px 5px;word-break:normal;}\n.tg .tg-81ec{background-color:#ffffff;border-color:#c0c0c0;text-align:center;vertical-align:top}\n.tg .tg-4ipx{background-color:#ffffff;border-color:#c0c0c0;font-weight:bold;text-align:center;vertical-align:top}\n.tg .tg-vjp4{background-color:#133d73;border-color:#c0c0c0;color:#ffffff;font-weight:bold;text-align:center;vertical-align:top}\n.tg .tg-pwmi{background-color:#efefef;border-color:#c0c0c0;font-weight:bold;text-align:left;vertical-align:middle}\n.tg .tg-yvh4{background-color:#133d73;border-color:#c0c0c0;color:#ffffff;font-weight:bold;text-align:center;vertical-align:middle}\n.tg .tg-4ydh{background-color:#efefef;border-color:#c0c0c0;text-align:left;vertical-align:middle}\n.tg .tg-855q{background-color:#ffffff;border-color:#c0c0c0;text-align:left;vertical-align:top}\n.tg .tg-x2l4{background-color:#efefef;border-color:#c0c0c0;font-weight:bold;text-align:center;vertical-align:top}\n.tg .tg-tjwp{background-color:#efefef;border-color:#c0c0c0;text-align:center;vertical-align:top}\n@media screen and (max-width: 767px) {.tg {width: auto !important;}.tg col {width: auto !important;}.tg-wrap {overflow-x: auto;-webkit-overflow-scrolling: touch;}}<\/style>\n<div class=\"tg-wrap\"><table class=\"tg\" style=\"undefined;table-layout: fixed; width: 1010px\">\n<colgroup>\n<col style=\"width: 103.2px\">\n<col style=\"width: 453.2px\">\n<col style=\"width: 453.2px\">\n<\/colgroup>\n<thead>\n  <tr>\n    <th class=\"tg-yvh4\"><span style=\"font-weight:bold\">Time<\/span><\/th>\n    <th class=\"tg-vjp4\"><span style=\"font-weight:bold\">Exhibition room<\/span><br><span style=\"font-weight:bold\">Mees Zaal &#8211; Floor 4th<\/span><\/th>\n    <th class=\"tg-vjp4\"><span style=\"font-weight:bold\">Conference room<\/span><br><span style=\"font-weight:bold\">Van Weelde Zaal &#8211; Floor 4th<\/span><\/th>\n  <\/tr>\n<\/thead>\n<tbody>\n  <tr>\n    <td class=\"tg-pwmi\"><span style=\"font-weight:bold;font-style:normal\">9:00 &#8211; 10:50<\/span><\/td>\n    <td class=\"tg-81ec\"><\/td>\n    <td class=\"tg-81ec\"><span style=\"font-weight:bold;font-style:normal\">Scientific session 1<\/span><span style=\"font-style:normal\"> &#8211; Interaction in Virtual Reality<\/span><br>Chair: Prof. Arcadio reyes-Lecuona<\/td>\n  <\/tr>\n  <tr>\n    <td class=\"tg-pwmi\"><span style=\"font-weight:bold;font-style:normal\">10:50 &#8211; 11:20<\/span><\/td>\n    <td class=\"tg-4ipx\"><span style=\"font-weight:bold\">Posters, Demos &amp; Coffee break<\/span><\/td>\n    <td class=\"tg-4ipx\"><\/td>\n  <\/tr>\n  <tr>\n    <td class=\"tg-pwmi\"><span style=\"font-weight:bold\">11:20 &#8211; 11:50<\/span><\/td>\n    <td class=\"tg-81ec\"><\/td>\n    <td class=\"tg-81ec\"><span style=\"font-weight:bold;font-style:normal\">Application session 1a. <\/span>Training &amp; Learning<br>Chair: Prof. Fr\u00e9d\u00e9ric No\u00ebl<\/td>\n  <\/tr>\n  <tr>\n    <td class=\"tg-4ydh\"><span style=\"font-weight:bold\">11:50 &#8211; 12:50<\/span><\/td>\n    <td class=\"tg-855q\"><\/td>\n    <td class=\"tg-81ec\"><span style=\"font-weight:bold\">Application session 1b.<\/span> Architecture, building &amp; construction<br>Chair: Dr. Mikhail Fominykh<\/td>\n  <\/tr>\n  <tr>\n    <td class=\"tg-pwmi\"><span style=\"font-weight:bold\">12:50 &#8211; 13:50<\/span><\/td>\n    <td class=\"tg-x2l4\" colspan=\"2\"><span style=\"font-weight:bold;font-style:normal\">Lunch<\/span><span style=\"font-style:normal\"> (No room &#8211; Free time) <\/span><\/td>\n  <\/tr>\n  <tr>\n    <td class=\"tg-pwmi\"><span style=\"font-weight:bold\">13:50 &#8211; 14:50<\/span><\/td>\n    <td class=\"tg-4ipx\"><\/td>\n    <td class=\"tg-81ec\"><span style=\"font-weight:bold;font-style:normal\">Invited Keynote Speaker<\/span><br><span style=\"font-weight:bold;font-style:normal\">Dr. Tabitha Peck<\/span><span style=\"font-style:normal\"> (Davidson College, NC, USA)<\/span><br><span style=\"font-style:normal\">Chair: Dr. Patrick Bourdot<\/span><\/td>\n  <\/tr>\n  <tr>\n    <td class=\"tg-pwmi\"><span style=\"font-weight:bold\">14:50 &#8211; 15:20<\/span><\/td>\n    <td class=\"tg-4ipx\"><span style=\"font-weight:bold\">Posters, Demos &amp; Coffee break<\/span><\/td>\n    <td class=\"tg-81ec\"><\/td>\n  <\/tr>\n  <tr>\n    <td class=\"tg-pwmi\">15:20 &#8211; 17:00<\/td>\n    <td class=\"tg-4ipx\"><\/td>\n    <td class=\"tg-81ec\"><span style=\"font-weight:bold\">Scientific session 2 &#8211; Designing XR Experiences<\/span> <br>Chair: Prof. Ekaterina Prasolova-F\u00f8rland<\/td>\n  <\/tr>\n  <tr>\n    <td class=\"tg-pwmi\"><span style=\"font-weight:bold\">17:00 &#8211; 18:30<\/span><\/td>\n    <td class=\"tg-4ipx\"><\/td>\n    <td class=\"tg-81ec\"><span style=\"font-weight:bold;font-style:normal\">Special session &#8220;VR for vocational training and career guidance&#8221;<\/span><br><span style=\"font-style:normal\">Organized by the VR4VET Erasmus+ European project<\/span><\/td>\n  <\/tr>\n  <tr>\n    <td class=\"tg-4ydh\"><\/td>\n    <td class=\"tg-x2l4\" colspan=\"2\">Free time<\/td>\n  <\/tr>\n  <tr>\n    <td class=\"tg-pwmi\"><span style=\"font-weight:bold\">19:30 &#8211; 22:00<\/span><\/td>\n    <td class=\"tg-tjwp\" colspan=\"2\"><a href=\"https:\/\/www.euroxr-association.org\/conference2023\/gala-dinner\/\" target=\"_blank\" rel=\"noopener noreferrer\"><span style=\"font-weight:bold;text-decoration:underline\">Conference Dinner<\/span><\/a><a href=\"https:\/\/www.euroxr-association.org\/conference2023\/gala-dinner\/\" target=\"_blank\" rel=\"noopener noreferrer\"><span style=\"text-decoration:underline\"> (Venue: Euromast Rotterdam)<\/span><\/a><span style=\"font-style:normal\"> <\/span><\/td>\n  <\/tr>\n<\/tbody>\n<\/table><\/div>\t\t\t\t\t\t\t\t<\/div>\n\t\t\t\t<\/div>\n\t\t\t\t\t<\/div>\n\t\t<\/div>\n\t\t\t\t\t<\/div>\n\t\t<\/section>\n\t\t\t\t<section class=\"elementor-section elementor-top-section elementor-element elementor-element-291f8aa elementor-section-boxed elementor-section-height-default elementor-section-height-default\" data-id=\"291f8aa\" data-element_type=\"section\" data-e-type=\"section\">\n\t\t\t\t\t\t<div class=\"elementor-container elementor-column-gap-default\">\n\t\t\t\t\t<div class=\"elementor-column elementor-col-100 elementor-top-column elementor-element elementor-element-a6a07c1\" data-id=\"a6a07c1\" data-element_type=\"column\" data-e-type=\"column\">\n\t\t\t<div class=\"elementor-widget-wrap elementor-element-populated\">\n\t\t\t\t\t\t<div class=\"elementor-element elementor-element-c3bb2f3 elementor-widget elementor-widget-text-editor\" data-id=\"c3bb2f3\" data-element_type=\"widget\" data-e-type=\"widget\" data-widget_type=\"text-editor.default\">\n\t\t\t\t<div class=\"elementor-widget-container\">\n\t\t\t\t\t\t\t\t\t<h6>DAY 3. Friday, December 1\u00a0<\/h6>\t\t\t\t\t\t\t\t<\/div>\n\t\t\t\t<\/div>\n\t\t\t\t\t<\/div>\n\t\t<\/div>\n\t\t\t\t\t<\/div>\n\t\t<\/section>\n\t\t\t\t<section class=\"elementor-section elementor-top-section elementor-element elementor-element-5de3fbb elementor-section-boxed elementor-section-height-default elementor-section-height-default\" data-id=\"5de3fbb\" data-element_type=\"section\" data-e-type=\"section\">\n\t\t\t\t\t\t<div class=\"elementor-container elementor-column-gap-default\">\n\t\t\t\t\t<div class=\"elementor-column elementor-col-100 elementor-top-column elementor-element elementor-element-55ea239\" data-id=\"55ea239\" data-element_type=\"column\" data-e-type=\"column\">\n\t\t\t<div class=\"elementor-widget-wrap elementor-element-populated\">\n\t\t\t\t\t\t<div class=\"elementor-element elementor-element-770f85b elementor-widget elementor-widget-text-editor\" data-id=\"770f85b\" data-element_type=\"widget\" data-e-type=\"widget\" data-widget_type=\"text-editor.default\">\n\t\t\t\t<div class=\"elementor-widget-container\">\n\t\t\t\t\t\t\t\t\t<style type=\"text\/css\">\n.tg  {border-collapse:collapse;border-spacing:0;}\n.tg td{border-color:black;border-style:solid;border-width:1px;font-family:Arial, sans-serif;font-size:14px;\n  overflow:hidden;padding:10px 5px;word-break:normal;}\n.tg th{border-color:black;border-style:solid;border-width:1px;font-family:Arial, sans-serif;font-size:14px;\n  font-weight:normal;overflow:hidden;padding:10px 5px;word-break:normal;}\n.tg .tg-p1ie{background-color:#ffffff;border-color:#c0c0c0;color:#656565;font-weight:bold;text-align:center;vertical-align:top}\n.tg .tg-v9k9{background-color:#EFEFEF;border-color:#c0c0c0;color:#656565;font-weight:bold;text-align:left;vertical-align:middle}\n.tg .tg-vjp4{background-color:#133d73;border-color:#c0c0c0;color:#ffffff;font-weight:bold;text-align:center;vertical-align:top}\n.tg .tg-pb0p{background-color:#efefef;border-color:#c0c0c0;color:#656565;font-weight:bold;text-align:center;vertical-align:top}\n.tg .tg-k7tm{background-color:#133d73;border-color:#c0c0c0;color:#ffffff;font-weight:bold;text-align:left;vertical-align:middle}\n.tg .tg-dj2v{background-color:#efefef;border-color:#c0c0c0;color:#656565;font-weight:bold;text-align:left;vertical-align:middle}\n.tg .tg-mzyj{background-color:#ffffff;border-color:#c0c0c0;color:#656565;text-align:center;vertical-align:top}\n.tg .tg-pn4u{background-color:#FFF;border-color:#c0c0c0;color:#656565;font-weight:bold;text-align:center;vertical-align:top}\n.tg .tg-5hn1{background-color:#FFF;border-color:#c0c0c0;color:#656565;text-align:center;vertical-align:top}\n@media screen and (max-width: 767px) {.tg {width: auto !important;}.tg col {width: auto !important;}.tg-wrap {overflow-x: auto;-webkit-overflow-scrolling: touch;}}<\/style>\n<div class=\"tg-wrap\"><table class=\"tg\" style=\"undefined;table-layout: fixed; width: 1009px\">\n<colgroup>\n<col style=\"width: 103.2px\">\n<col style=\"width: 452.2px\">\n<col style=\"width: 453.2px\">\n<\/colgroup>\n<thead>\n  <tr>\n    <th class=\"tg-k7tm\"><span style=\"font-weight:bold\">Time<\/span><\/th>\n    <th class=\"tg-vjp4\"><span style=\"font-weight:bold\">Exhibition room<\/span><br><span style=\"font-weight:bold\">Mees Zaal &#8211; Floor 4th<\/span><\/th>\n    <th class=\"tg-vjp4\"><span style=\"font-weight:bold\">Conference room<\/span><br><span style=\"font-weight:bold\">Van Weelde Zaal &#8211; Floor 4th<\/span><\/th>\n  <\/tr>\n<\/thead>\n<tbody>\n  <tr>\n    <td class=\"tg-dj2v\"><span style=\"font-weight:bold\">9:00 &#8211; 10:30<\/span><\/td>\n    <td class=\"tg-p1ie\"><\/td>\n    <td class=\"tg-mzyj\"><span style=\"font-weight:bold;font-style:normal\">Scientific session 3<\/span><span style=\"font-style:normal\"> &#8211; Human Factors in XR: Performance, Acceptance and Design<\/span><br><span style=\"font-style:normal\">Chair: Prof. Dr. Linda Daniela<\/span><\/td>\n  <\/tr>\n  <tr>\n    <td class=\"tg-dj2v\"><span style=\"font-weight:bold\">10:30 &#8211; 11:30<\/span><\/td>\n    <td class=\"tg-p1ie\"><\/td>\n    <td class=\"tg-mzyj\"><span style=\"font-weight:bold;font-style:normal\">Invited Keynote Speaker<\/span><br><span style=\"font-weight:bold;font-style:normal\">Dr. Zerrin Yumak<\/span><span style=\"font-style:normal\"> (Utrecht University, The Netherlands.)<\/span><br><span style=\"font-style:normal\">Chair: Dr. Omar Niamut<\/span><\/td>\n  <\/tr>\n  <tr>\n    <td class=\"tg-dj2v\"><span style=\"font-weight:bold\">11:30 &#8211; 12:30<\/span><\/td>\n    <td class=\"tg-pb0p\" colspan=\"2\"><span style=\"font-weight:bold;font-style:normal\">Lunch<\/span><span style=\"font-style:normal\"> (No room &#8211; Free time) <\/span><\/td>\n  <\/tr>\n  <tr>\n    <td class=\"tg-dj2v\"><span style=\"font-weight:bold\">12:30 &#8211; 14:00<\/span><\/td>\n    <td class=\"tg-p1ie\"><\/td>\n    <td class=\"tg-mzyj\"><span style=\"font-weight:bold;font-style:normal\">Application session 2a.<\/span><span style=\"font-style:normal\"> Techniques, Format &amp; Standardization<\/span><br><span style=\"font-style:normal\">Chair: Dr. Kaj Helin<\/span><\/td>\n  <\/tr>\n  <tr>\n    <td class=\"tg-v9k9\"><span style=\"font-weight:bold\">14:00 &#8211; 14:30<\/span><\/td>\n    <td class=\"tg-pn4u\"><span style=\"font-weight:bold\">Posters, Demos &amp; Coffee break<\/span><\/td>\n    <td class=\"tg-5hn1\"><\/td>\n  <\/tr>\n  <tr>\n    <td class=\"tg-dj2v\"><span style=\"font-weight:bold\">14:30 &#8211; 15:15<\/span><\/td>\n    <td class=\"tg-p1ie\"><\/td>\n    <td class=\"tg-mzyj\"><span style=\"font-weight:bold\">Application session 2b.<\/span> User experience analysis and enhancement<br>Chair: Dr. Christoph Runde<\/td>\n  <\/tr>\n  <tr>\n    <td class=\"tg-dj2v\"><span style=\"font-weight:bold\">15:15 &#8211; 16:15<\/span><\/td>\n    <td class=\"tg-p1ie\"><\/td>\n    <td class=\"tg-mzyj\"><span style=\"font-weight:bold;font-style:normal\">Special Session &#8220;VERA &#8211; Virtual Experience Research Accelerator&#8221;<\/span><br><span style=\"font-style:normal\">International initiative led and presented by Prof. Greg Welch (University Central Florida, USA)<\/span><\/td>\n  <\/tr>\n  <tr>\n    <td class=\"tg-dj2v\"><span style=\"font-weight:bold\">16:15 &#8211; 16:45<\/span><\/td>\n    <td class=\"tg-mzyj\"><\/td>\n    <td class=\"tg-mzyj\"><span style=\"font-weight:bold\">Closing &amp; Awards session<\/span> <br>Chairs: Prof. Greg Welch, Dr. Patrick Bourdot, Benjamin de Witt<\/td>\n  <\/tr>\n<\/tbody>\n<\/table><\/div>\t\t\t\t\t\t\t\t<\/div>\n\t\t\t\t<\/div>\n\t\t\t\t\t<\/div>\n\t\t<\/div>\n\t\t\t\t\t<\/div>\n\t\t<\/section>\n\t\t\t\t<\/div>\n\t\t","protected":false},"excerpt":{"rendered":"<p>Program Overview TIME: Regarding the times shown in the conference program, please note that all the times refer to local time in the Netherlands (UTC +1) DAY 1. Wednesday, November 29\u00a0 Time Van Cappellen Zaal \u2013 Floor Ground Van Der Vorm Zaal \u2013 Floor 4th 9:00 \u2013 12:30 XR lab visit at the Delft University [&hellip;]<\/p>\n","protected":false},"author":9,"featured_media":0,"parent":0,"menu_order":0,"comment_status":"closed","ping_status":"closed","template":"","meta":{"om_disable_all_campaigns":false,"_monsterinsights_skip_tracking":false,"_monsterinsights_sitenote_active":false,"_monsterinsights_sitenote_note":"","_monsterinsights_sitenote_category":0,"footnotes":""},"class_list":["post-3450","page","type-page","status-publish","hentry"],"aioseo_notices":[],"_links":{"self":[{"href":"https:\/\/www.euroxr-association.org\/conference2023\/wp-json\/wp\/v2\/pages\/3450","targetHints":{"allow":["GET"]}}],"collection":[{"href":"https:\/\/www.euroxr-association.org\/conference2023\/wp-json\/wp\/v2\/pages"}],"about":[{"href":"https:\/\/www.euroxr-association.org\/conference2023\/wp-json\/wp\/v2\/types\/page"}],"author":[{"embeddable":true,"href":"https:\/\/www.euroxr-association.org\/conference2023\/wp-json\/wp\/v2\/users\/9"}],"replies":[{"embeddable":true,"href":"https:\/\/www.euroxr-association.org\/conference2023\/wp-json\/wp\/v2\/comments?post=3450"}],"version-history":[{"count":98,"href":"https:\/\/www.euroxr-association.org\/conference2023\/wp-json\/wp\/v2\/pages\/3450\/revisions"}],"predecessor-version":[{"id":4497,"href":"https:\/\/www.euroxr-association.org\/conference2023\/wp-json\/wp\/v2\/pages\/3450\/revisions\/4497"}],"wp:attachment":[{"href":"https:\/\/www.euroxr-association.org\/conference2023\/wp-json\/wp\/v2\/media?parent=3450"}],"curies":[{"name":"wp","href":"https:\/\/api.w.org\/{rel}","templated":true}]}}